[INFO] fetching crate smartpool-spatial 0.3.2...
[INFO] checking smartpool-spatial-0.3.2 against master#af3c6e733a40e671550e0f0f5aeecaa13772ba56 for pr-74989
[INFO] extracting crate smartpool-spatial 0.3.2 into /workspace/builds/worker-2/source
[INFO] validating manifest of crates.io crate smartpool-spatial 0.3.2 on toolchain af3c6e733a40e671550e0f0f5aeecaa13772ba56
[INFO] running `Command { std: "/workspace/cargo-home/bin/cargo" "+af3c6e733a40e671550e0f0f5aeecaa13772ba56" "read-manifest" "--manifest-path" "Cargo.toml", kill_on_drop: false }`
[INFO] started tweaking crates.io crate smartpool-spatial 0.3.2
[INFO] finished tweaking crates.io crate smartpool-spatial 0.3.2
[INFO] tweaked toml for crates.io crate smartpool-spatial 0.3.2 written to /workspace/builds/worker-2/source/Cargo.toml
[INFO] running `Command { std: "/workspace/cargo-home/bin/cargo" "+af3c6e733a40e671550e0f0f5aeecaa13772ba56" "generate-lockfile" "--manifest-path" "Cargo.toml" "-Zno-index-update", kill_on_drop: false }`
[INFO] [stderr]     Blocking waiting for file lock on package cache
[INFO] running `Command { std: "/workspace/cargo-home/bin/cargo" "+af3c6e733a40e671550e0f0f5aeecaa13772ba56" "fetch" "--locked" "--manifest-path" "Cargo.toml", kill_on_drop: false }`
[INFO] running `Command { std: "docker" "create" "-v" "/var/lib/crater-agent-workspace/builds/worker-2/target:/opt/rustwide/target:rw,Z" "-v" "/var/lib/crater-agent-workspace/builds/worker-2/source:/opt/rustwide/workdir:ro,Z" "-v" "/var/lib/crater-agent-workspace/cargo-home:/opt/rustwide/cargo-home:ro,Z" "-v" "/var/lib/crater-agent-workspace/rustup-home:/opt/rustwide/rustup-home:ro,Z" "-e" "SOURCE_DIR=/opt/rustwide/workdir" "-e" "CARGO_TARGET_DIR=/opt/rustwide/target" "-e" "CARGO_HOME=/opt/rustwide/cargo-home" "-e" "RUSTUP_HOME=/opt/rustwide/rustup-home" "-w" "/opt/rustwide/workdir" "-m" "1610612736" "--user" "0:0" "--network" "none" "rustops/crates-build-env@sha256:d92eaeed33fa75130ca1ee6c8a01d1ffb62bac859dfdfb3450e3e5d1c0146529" "/opt/rustwide/cargo-home/bin/cargo" "+af3c6e733a40e671550e0f0f5aeecaa13772ba56" "metadata" "--no-deps" "--format-version=1", kill_on_drop: false }`
[INFO] [stdout] ef10288680634a408bf5a3c779608f893d9aca25f3782c6dd4ca6555d25ac1f5
[INFO] [stderr] WARNING: Your kernel does not support swap limit capabilities or the cgroup is not mounted. Memory limited without swap.
[INFO] running `Command { std: "docker" "start" "-a" "ef10288680634a408bf5a3c779608f893d9aca25f3782c6dd4ca6555d25ac1f5", kill_on_drop: false }`
[INFO] running `Command { std: "docker" "inspect" "ef10288680634a408bf5a3c779608f893d9aca25f3782c6dd4ca6555d25ac1f5", kill_on_drop: false }`
[INFO] running `Command { std: "docker" "rm" "-f" "ef10288680634a408bf5a3c779608f893d9aca25f3782c6dd4ca6555d25ac1f5", kill_on_drop: false }`
[INFO] [stdout] ef10288680634a408bf5a3c779608f893d9aca25f3782c6dd4ca6555d25ac1f5
[INFO] running `Command { std: "docker" "create" "-v" "/var/lib/crater-agent-workspace/builds/worker-2/target:/opt/rustwide/target:rw,Z" "-v" "/var/lib/crater-agent-workspace/builds/worker-2/source:/opt/rustwide/workdir:ro,Z" "-v" "/var/lib/crater-agent-workspace/cargo-home:/opt/rustwide/cargo-home:ro,Z" "-v" "/var/lib/crater-agent-workspace/rustup-home:/opt/rustwide/rustup-home:ro,Z" "-e" "SOURCE_DIR=/opt/rustwide/workdir" "-e" "CARGO_TARGET_DIR=/opt/rustwide/target" "-e" "CARGO_INCREMENTAL=0" "-e" "RUST_BACKTRACE=full" "-e" "RUSTFLAGS=--cap-lints=forbid" "-e" "CARGO_HOME=/opt/rustwide/cargo-home" "-e" "RUSTUP_HOME=/opt/rustwide/rustup-home" "-w" "/opt/rustwide/workdir" "-m" "1610612736" "--user" "0:0" "--network" "none" "rustops/crates-build-env@sha256:d92eaeed33fa75130ca1ee6c8a01d1ffb62bac859dfdfb3450e3e5d1c0146529" "/opt/rustwide/cargo-home/bin/cargo" "+af3c6e733a40e671550e0f0f5aeecaa13772ba56" "check" "--frozen" "--all" "--all-targets" "--message-format=json", kill_on_drop: false }`
[INFO] [stdout] 3d79dd08726efb268e0829d1154e93f4ad83d56f96ba90011e2863fcf134529c
[INFO] [stderr] WARNING: Your kernel does not support swap limit capabilities or the cgroup is not mounted. Memory limited without swap.
[INFO] running `Command { std: "docker" "start" "-a" "3d79dd08726efb268e0829d1154e93f4ad83d56f96ba90011e2863fcf134529c", kill_on_drop: false }`
[INFO] [stderr]    Compiling autocfg v1.0.1
[INFO] [stderr]    Compiling libc v0.2.77
[INFO] [stderr]     Checking rustc-serialize v0.3.24
[INFO] [stderr]    Compiling log v0.4.11
[INFO] [stderr]    Compiling memchr v2.3.3
[INFO] [stderr]     Checking through v0.1.0
[INFO] [stderr]     Checking regex-syntax v0.6.18
[INFO] [stderr]     Checking monitor v0.1.0
[INFO] [stderr]     Checking atomic v0.4.6
[INFO] [stderr]     Checking quick-error v1.2.3
[INFO] [stderr]     Checking atom v0.3.5
[INFO] [stderr]     Checking bonzai v0.2.1
[INFO] [stderr]     Checking termcolor v1.1.0
[INFO] [stderr]     Checking thread_local v1.0.1
[INFO] [stdout] error[E0658]: negative trait bounds are not yet fully implemented; use marker types for now
[INFO] [stdout]    --> /opt/rustwide/cargo-home/registry/src/github.com-1ecc6299db9ec823/bonzai-0.2.1/src/lib.rs:611:44
[INFO] [stdout]     |
[INFO] [stdout] 611 | impl<'tree, T, C: FixedSizeArray<ChildId>> !Send for TreeOperation<'tree, T, C> {}
[INFO] [stdout]     |                                            ^^^^^
[INFO] [stdout]     |
[INFO] [stdout]     = note: see issue #68318 <https://github.com/rust-lang/rust/issues/68318> for more information
[INFO] [stdout]     = help: add `#![feature(negative_impls)]` to the crate attributes to enable
[INFO] [stdout] 
[INFO] [stdout] 
[INFO] [stdout] error[E0658]: negative trait bounds are not yet fully implemented; use marker types for now
[INFO] [stdout]    --> /opt/rustwide/cargo-home/registry/src/github.com-1ecc6299db9ec823/bonzai-0.2.1/src/lib.rs:612:44
[INFO] [stdout]     |
[INFO] [stdout] 612 | impl<'tree, T, C: FixedSizeArray<ChildId>> !Sync for TreeOperation<'tree, T, C> {}
[INFO] [stdout]     |                                            ^^^^^
[INFO] [stdout]     |
[INFO] [stdout]     = note: see issue #68318 <https://github.com/rust-lang/rust/issues/68318> for more information
[INFO] [stdout]     = help: add `#![feature(negative_impls)]` to the crate attributes to enable
[INFO] [stdout] 
[INFO] [stdout] 
[INFO] [stdout] error[E0658]: negative trait bounds are not yet fully implemented; use marker types for now
[INFO] [stdout]    --> /opt/rustwide/cargo-home/registry/src/github.com-1ecc6299db9ec823/bonzai-0.2.1/src/lib.rs:737:58
[INFO] [stdout]     |
[INFO] [stdout] 737 | impl<'op, 'node, 't: 'op, T, C: FixedSizeArray<ChildId>> !Send for NodeWriteGuard<'op, 'node, 't, T, C> {}
[INFO] [stdout]     |                                                          ^^^^^
[INFO] [stdout]     |
[INFO] [stdout]     = note: see issue #68318 <https://github.com/rust-lang/rust/issues/68318> for more information
[INFO] [stdout]     = help: add `#![feature(negative_impls)]` to the crate attributes to enable
[INFO] [stdout] 
[INFO] [stdout] 
[INFO] [stdout] error[E0658]: negative trait bounds are not yet fully implemented; use marker types for now
[INFO] [stdout]    --> /opt/rustwide/cargo-home/registry/src/github.com-1ecc6299db9ec823/bonzai-0.2.1/src/lib.rs:738:58
[INFO] [stdout]     |
[INFO] [stdout] 738 | impl<'op, 'node, 't: 'op, T, C: FixedSizeArray<ChildId>> !Sync for NodeWriteGuard<'op, 'node, 't, T, C> {}
[INFO] [stdout]     |                                                          ^^^^^
[INFO] [stdout]     |
[INFO] [stdout]     = note: see issue #68318 <https://github.com/rust-lang/rust/issues/68318> for more information
[INFO] [stdout]     = help: add `#![feature(negative_impls)]` to the crate attributes to enable
[INFO] [stdout] 
[INFO] [stdout] 
[INFO] [stdout] error[E0658]: negative trait bounds are not yet fully implemented; use marker types for now
[INFO] [stdout]     --> /opt/rustwide/cargo-home/registry/src/github.com-1ecc6299db9ec823/bonzai-0.2.1/src/lib.rs:1135:58
[INFO] [stdout]      |
[INFO] [stdout] 1135 | impl<'op, 'node, 't: 'op, T, C: FixedSizeArray<ChildId>> !Send for ChildWriteGuard<'op, 'node, 't, T, C> {}
[INFO] [stdout]      |                                                          ^^^^^
[INFO] [stdout]      |
[INFO] [stdout]      = note: see issue #68318 <https://github.com/rust-lang/rust/issues/68318> for more information
[INFO] [stdout]      = help: add `#![feature(negative_impls)]` to the crate attributes to enable
[INFO] [stdout] 
[INFO] [stdout] 
[INFO] [stderr]     Checking smallqueue v0.1.0
[INFO] [stdout] error[E0658]: negative trait bounds are not yet fully implemented; use marker types for now
[INFO] [stdout]     --> /opt/rustwide/cargo-home/registry/src/github.com-1ecc6299db9ec823/bonzai-0.2.1/src/lib.rs:1136:58
[INFO] [stdout]      |
[INFO] [stdout] 1136 | impl<'op, 'node, 't: 'op, T, C: FixedSizeArray<ChildId>> !Sync for ChildWriteGuard<'op, 'node, 't, T, C> {}
[INFO] [stdout]      |                                                          ^^^^^
[INFO] [stdout]      |
[INFO] [stdout]      = note: see issue #68318 <https://github.com/rust-lang/rust/issues/68318> for more information
[INFO] [stdout]      = help: add `#![feature(negative_impls)]` to the crate attributes to enable
[INFO] [stdout] 
[INFO] [stdout] 
[INFO] [stderr]     Checking humantime v1.3.0
[INFO] [stdout] error: aborting due to 6 previous errors
[INFO] [stdout] 
[INFO] [stdout] 
[INFO] [stdout] For more information about this error, try `rustc --explain E0658`.
[INFO] [stdout] 
[INFO] [stderr] error: could not compile `bonzai`.
[INFO] [stderr] 
[INFO] [stderr] To learn more, run the command again with --verbose.
[INFO] [stderr] warning: build failed, waiting for other jobs to finish...
[INFO] [stderr] error: build failed
[INFO] running `Command { std: "docker" "inspect" "3d79dd08726efb268e0829d1154e93f4ad83d56f96ba90011e2863fcf134529c", kill_on_drop: false }`
[INFO] running `Command { std: "docker" "rm" "-f" "3d79dd08726efb268e0829d1154e93f4ad83d56f96ba90011e2863fcf134529c", kill_on_drop: false }`
[INFO] [stdout] 3d79dd08726efb268e0829d1154e93f4ad83d56f96ba90011e2863fcf134529c
